{"id":9,"date":"2015-08-06T11:42:03","date_gmt":"2015-08-06T08:42:03","guid":{"rendered":"http:\/\/arisannointi.fi\/isannointi\/?page_id=9"},"modified":"2021-05-10T12:39:30","modified_gmt":"2021-05-10T09:39:30","slug":"isannointi","status":"publish","type":"page","link":"https:\/\/arisannointi.fi\/isannointi\/","title":{"rendered":"Is\u00e4nn\u00f6inti"},"content":{"rendered":"<div class=\"wpb-content-wrapper\"><p>[vc_row css_animation=&#8221;&#8221; row_type=&#8221;row&#8221; use_row_as_full_screen_section=&#8221;no&#8221; type=&#8221;full_width&#8221; angled_section=&#8221;no&#8221; text_align=&#8221;left&#8221; background_image_as_pattern=&#8221;without_pattern&#8221; background_image=&#8221;450&#8243; background_color=&#8221;#333333&#8243; side_padding=&#8221;5&#8243; padding_top=&#8221;80&#8243; padding_bottom=&#8221;80&#8243; el_class=&#8221;alt&#8221; z_index=&#8221;&#8221;][vc_column][vc_column_text]<\/p>\n<h1>Is\u00e4nn\u00f6intipalvelua Kankaanp\u00e4\u00e4ss\u00e4 ja l\u00e4hikunnissa.<\/h1>\n<h3>Opastamme sinua mielell\u00e4mme taloyhti\u00f6si is\u00e4nn\u00f6intiin liittyviss\u00e4 asioissa.<\/h3>\n<p>[\/vc_column_text][\/vc_column][\/vc_row][vc_row css_animation=&#8221;&#8221; row_type=&#8221;row&#8221; use_row_as_full_screen_section=&#8221;no&#8221; type=&#8221;full_width&#8221; angled_section=&#8221;no&#8221; text_align=&#8221;left&#8221; background_image_as_pattern=&#8221;without_pattern&#8221; side_padding=&#8221;5&#8243; padding_top=&#8221;40&#8243; padding_bottom=&#8221;40&#8243;][vc_column width=&#8221;1\/2&#8243;][vc_column_text]<\/p>\n<h3>Tarjoamme\u00a0r\u00e4\u00e4t\u00e4l\u00f6idyt is\u00e4nn\u00f6intipalvelut\u00a0pieniin ja suuriin kohteisiin.<\/h3>\n<p>Hoidamme luotettavasti taloyhti\u00f6nne is\u00e4nn\u00f6intipalvelut korjausremonteista asiakaspalveluun!\u00a0Tiedustele tarjouksemme kiinteist\u00f6nne is\u00e4nn\u00f6innist\u00e4![\/vc_column_text]<a  itemprop=\"url\" href=\"http:\/\/arisannointi.fi\/isannointi\/lomakkeet\/tarjouspyynto-isannoinnista\/\" target=\"_self\"  class=\"qbutton  medium default\" style=\"margin: 20px 0px; border-radius: 0px;-moz-border-radius: 0px;-webkit-border-radius: 0px; \">Pyyd\u00e4 tarjous<\/a>[vc_separator type=&#8221;normal&#8221; thickness=&#8221;1&#8243; up=&#8221;20&#8243; down=&#8221;20&#8243;][vc_single_image image=&#8221;374&#8243; img_size=&#8221;full&#8221; onclick=&#8221;custom_link&#8221; img_link_target=&#8221;_blank&#8221; qode_css_animation=&#8221;&#8221; link=&#8221;http:\/\/www.isannointiliitto.fi\/&#8221;][\/vc_column][vc_column width=&#8221;1\/2&#8243;][vc_row_inner row_type=&#8221;row&#8221; type=&#8221;full_width&#8221; text_align=&#8221;left&#8221; css_animation=&#8221;&#8221;][vc_column_inner width=&#8221;1\/3&#8243;][vc_single_image image=&#8221;452&#8243; img_size=&#8221;full&#8221; qode_css_animation=&#8221;&#8221;][\/vc_column_inner][vc_column_inner width=&#8221;2\/3&#8243;][vc_column_text]<\/p>\n<h3>Lomakkeet<\/h3>\n<p>Meilt\u00e4 l\u00f6yd\u00e4t lomakkeet yleisimpien asioiden hoitoon k\u00e4tev\u00e4sti verkossa. Voit tehd\u00e4 muuttoilmoituksen, hakea muutosty\u00f6lupaa tulevaan huoneistoremonttiin, j\u00e4tt\u00e4\u00e4 vikailmoituksen jne.[\/vc_column_text]<a  itemprop=\"url\" href=\"http:\/\/arisannointi.fi\/isannointi\/lomakkeet\/\" target=\"_self\" data-hover-background-color=\"#d8681e\" data-hover-border-color=\"#d8681e\" data-hover-color=\"#ffffff\" class=\"qbutton  medium center default\" style=\"color: #ffffff; border-color: #ef7221; margin: 20px 0 0 0; border-radius: 0px;-moz-border-radius: 0px;-webkit-border-radius: 0px; background-color:#ef7221;\">Siirry lomakkeisiin<\/a>[\/vc_column_inner][\/vc_row_inner][\/vc_column][\/vc_row][vc_row css_animation=&#8221;&#8221; row_type=&#8221;row&#8221; use_row_as_full_screen_section=&#8221;no&#8221; type=&#8221;full_width&#8221; angled_section=&#8221;no&#8221; text_align=&#8221;left&#8221; background_image_as_pattern=&#8221;without_pattern&#8221; background_color=&#8221;#f9f9f9&#8243; side_padding=&#8221;5&#8243; padding_top=&#8221;40&#8243; padding_bottom=&#8221;40&#8243;][vc_column width=&#8221;1\/2&#8243;][vc_column_text]<\/p>\n<h3>Is\u00e4nn\u00f6intiliiton uutisia<\/h3>\n<p>[\/vc_column_text][vc_separator type=&#8221;small&#8221; position=&#8221;left&#8221; color=&#8221;#ef7221&#8243; thickness=&#8221;2&#8243; width=&#8221;80&#8243; up=&#8221;20&#8243; down=&#8221;20&#8243;][vc_column_text]<div class=\"feedzy-33a8735eafd637314b3158cf4deebd3f feedzy-rss\"><div class=\"rss_header\"><h2><a href=\"https:\/\/www.isannointiliitto.fi\/asiasana\/ajankohtaista\/\" class=\"rss_title\" rel=\"noopener\">Ajankohtaista Archives - Is\u00e4nn\u00f6intiliitto<\/a> <span class=\"rss_description\"> Is\u00e4nn\u00f6intiliitto<\/span><\/h2><\/div><ul><li  style=\"padding: 15px 0 25px\" class=\"rss_item\"><span class=\"title\"><a href=\"https:\/\/www.isannointiliitto.fi\/webinaari-uudistunut-isannoinnin-sertifiointiohjelma\/\" target=\"_blank\" rel=\" noopener\">Webinaari: Uudistunut is\u00e4nn\u00f6innin sertifiointiohjelma<\/a><\/span><div class=\"rss_content\" style=\"\"><\/div><\/li><li  style=\"padding: 15px 0 25px\" class=\"rss_item\"><span class=\"title\"><a href=\"https:\/\/www.isannointiliitto.fi\/taloyhtioiden-korjausrakentamista-vauhditettava\/\" target=\"_blank\" rel=\" noopener\">Taloyhti\u00f6iden korjausrakentamista vauhditettava<\/a><\/span><div class=\"rss_content\" style=\"\"><\/div><\/li><li  style=\"padding: 15px 0 25px\" class=\"rss_item\"><span class=\"title\"><a href=\"https:\/\/www.isannointiliitto.fi\/voiko-lakiesitys-johtaa-osakkaiden-ja-vuokralaisten-eriarvoiseen-asemaan-taloyhtiossa\/\" target=\"_blank\" rel=\" noopener\">Voiko lakiesitys johtaa osakkaiden ja vuokralaisten eriarvoiseen asemaan taloyhti\u00f6ss\u00e4?<\/a><\/span><div class=\"rss_content\" style=\"\"><\/div><\/li><li  style=\"padding: 15px 0 25px\" class=\"rss_item\"><span class=\"title\"><a href=\"https:\/\/www.isannointiliitto.fi\/saadaanko-asunto-osakeyhtiolakiin-nykyista-paremmat-keinot-hairiotilanteiden-hallintaan\/\" target=\"_blank\" rel=\" noopener\">Saadaanko asunto-osakeyhti\u00f6lakiin nykyist\u00e4 paremmat keinot h\u00e4iri\u00f6tilanteiden hallintaan?<\/a><\/span><div class=\"rss_content\" style=\"\"><\/div><\/li><li  style=\"padding: 15px 0 25px\" class=\"rss_item\"><span class=\"title\"><a href=\"https:\/\/www.isannointiliitto.fi\/isannointiliitto-vaatii-kehysriihessa-toimia-asumishairioihin-puuttumiseksi\/\" target=\"_blank\" rel=\" noopener\">Is\u00e4nn\u00f6intiliitto vaatii kehysriihess\u00e4 toimia asumish\u00e4iri\u00f6ihin puuttumiseksi<\/a><\/span><div class=\"rss_content\" style=\"\"><\/div><\/li><\/ul> <\/div><style type=\"text\/css\" media=\"all\">.feedzy-rss .rss_item .rss_image{float:left;position:relative;border:none;text-decoration:none;max-width:100%}.feedzy-rss .rss_item .rss_image span{display:inline-block;position:absolute;width:100%;height:100%;background-position:50%;background-size:cover}.feedzy-rss .rss_item .rss_image{margin:.3em 1em 0 0;content-visibility:auto}.feedzy-rss ul{list-style:none}.feedzy-rss ul li{display:inline-block}<\/style>[\/vc_column_text][\/vc_column][vc_column width=&#8221;1\/2&#8243;][vc_column_text]<\/p>\n<h3>Kiinteistolehti.fi uutisia<\/h3>\n<p>[\/vc_column_text][vc_separator type=&#8221;small&#8221; position=&#8221;left&#8221; color=&#8221;#ef7221&#8243; thickness=&#8221;2&#8243; width=&#8221;80&#8243; up=&#8221;20&#8243; down=&#8221;20&#8243;][vc_column_text]<div class=\"feedzy-d66845531f3609103445818381ac0197 feedzy-rss\"><div class=\"rss_header\"><h2><a href=\"https:\/\/www.kiinteistolehti.fi\/\" class=\"rss_title\" rel=\"noopener\">Suomen Kiinteist\u00f6lehti<\/a> <span class=\"rss_description\"> Taloyhti\u00f6iden oma lehti<\/span><\/h2><\/div><ul><li  style=\"padding: 15px 0 25px\" class=\"rss_item\"><div class=\"rss_image\" style=\"height:150px;width:150px;\"><a href=\"https:\/\/www.kiinteistolehti.fi\/puutteellinen-ilmanvaihto-selvita-korvausilmaventtiilien-kunto\" target=\"_blank\" rel=\" noopener\" title=\"Puutteellinen ilmanvaihto? Selvit\u00e4 korvausilmaventtiilien kunto\" style=\"height:150px;width:150px;\"><img decoding=\"async\" src=\"https:\/\/www.kiinteistolehti.fi\/media\/aloitusjuttu-2-2-1024x1024.jpg\" title=\"Puutteellinen ilmanvaihto? Selvit\u00e4 korvausilmaventtiilien kunto\" style=\"height:150px;width:150px;\"><\/a><\/div><span class=\"title\"><a href=\"https:\/\/www.kiinteistolehti.fi\/puutteellinen-ilmanvaihto-selvita-korvausilmaventtiilien-kunto\" target=\"_blank\" rel=\" noopener\">Puutteellinen ilmanvaihto? Selvit\u00e4 korvausilmaventtiilien kunto<\/a><\/span><div class=\"rss_content\" style=\"\"><\/div><\/li><li  style=\"padding: 15px 0 25px\" class=\"rss_item\"><span class=\"title\"><a href=\"https:\/\/www.kiinteistolehti.fi\/monessa-kodissa-korvausilma-ei-riita-kertoo-huhtikuun-kiinteistolehti\" target=\"_blank\" rel=\" noopener\">Monessa kodissa korvausilma ei riit\u00e4, kertoo huhtikuun Kiinteist\u00f6lehti<\/a><\/span><div class=\"rss_content\" style=\"\"><\/div><\/li><li  style=\"padding: 15px 0 25px\" class=\"rss_item\"><span class=\"title\"><a href=\"https:\/\/www.kiinteistolehti.fi\/tiedot-valinnaisesta-vuokratontista-usein-puutteellisia-asuntokaupoilla\" target=\"_blank\" rel=\" noopener\">Tiedot valinnaisesta vuokratontista usein puutteellisia asuntokaupoilla<\/a><\/span><div class=\"rss_content\" style=\"\"><\/div><\/li><li  style=\"padding: 15px 0 25px\" class=\"rss_item\"><span class=\"title\"><a href=\"https:\/\/www.kiinteistolehti.fi\/kuukauden-kasvo-hyvasta-sisailmasta-ei-kannata-tinkia\" target=\"_blank\" rel=\" noopener\">Kuukauden kasvo: Hyv\u00e4st\u00e4 sis\u00e4ilmasta ei kannata tinki\u00e4<\/a><\/span><div class=\"rss_content\" style=\"\"><\/div><\/li><li  style=\"padding: 15px 0 25px\" class=\"rss_item\"><span class=\"title\"><a href=\"https:\/\/www.kiinteistolehti.fi\/taloyhtiot-varautuvat-aiempaa-paremmin-ilmastonmuutokseen\" target=\"_blank\" rel=\" noopener\">Taloyhti\u00f6t varautuvat aiempaa paremmin ilmastonmuutokseen<\/a><\/span><div class=\"rss_content\" style=\"\"><\/div><\/li><\/ul> <\/div><style type=\"text\/css\" media=\"all\">.feedzy-rss .rss_item .rss_image{float:left;position:relative;border:none;text-decoration:none;max-width:100%}.feedzy-rss .rss_item .rss_image span{display:inline-block;position:absolute;width:100%;height:100%;background-position:50%;background-size:cover}.feedzy-rss .rss_item .rss_image{margin:.3em 1em 0 0;content-visibility:auto}.feedzy-rss ul{list-style:none}.feedzy-rss ul li{display:inline-block}<\/style>[\/vc_column_text][\/vc_column][\/vc_row]<\/p>\n<\/div>","protected":false},"excerpt":{"rendered":"<p>[vc_row css_animation=&#8221;&#8221; row_type=&#8221;row&#8221; use_row_as_full_screen_section=&#8221;no&#8221; type=&#8221;full_width&#8221; angled_section=&#8221;no&#8221; text_align=&#8221;left&#8221; background_image_as_pattern=&#8221;without_pattern&#8221; background_image=&#8221;450&#8243; background_color=&#8221;#333333&#8243; side_padding=&#8221;5&#8243; padding_top=&#8221;80&#8243; padding_bottom=&#8221;80&#8243; el_class=&#8221;alt&#8221; z_index=&#8221;&#8221;][vc_column][vc_column_text] Is\u00e4nn\u00f6intipalvelua Kankaanp\u00e4\u00e4ss\u00e4 ja l\u00e4hikunnissa. Opastamme sinua mielell\u00e4mme taloyhti\u00f6si is\u00e4nn\u00f6intiin liittyviss\u00e4 asioissa. [\/vc_column_text][\/vc_column][\/vc_row][vc_row css_animation=&#8221;&#8221; row_type=&#8221;row&#8221; use_row_as_full_screen_section=&#8221;no&#8221; type=&#8221;full_width&#8221; angled_section=&#8221;no&#8221; text_align=&#8221;left&#8221; background_image_as_pattern=&#8221;without_pattern&#8221; side_padding=&#8221;5&#8243; padding_top=&#8221;40&#8243; padding_bottom=&#8221;40&#8243;][vc_column width=&#8221;1\/2&#8243;][vc_column_text] Tarjoamme\u00a0r\u00e4\u00e4t\u00e4l\u00f6idyt is\u00e4nn\u00f6intipalvelut\u00a0pieniin ja suuriin kohteisiin. Hoidamme luotettavasti&#8230;<\/p>\n","protected":false},"author":1,"featured_media":0,"parent":0,"menu_order":0,"comment_status":"open","ping_status":"closed","template":"full_width.php","meta":{"footnotes":""},"class_list":["post-9","page","type-page","status-publish","hentry"],"_links":{"self":[{"href":"https:\/\/arisannointi.fi\/isannointi\/wp-json\/wp\/v2\/pages\/9","targetHints":{"allow":["GET"]}}],"collection":[{"href":"https:\/\/arisannointi.fi\/isannointi\/wp-json\/wp\/v2\/pages"}],"about":[{"href":"https:\/\/arisannointi.fi\/isannointi\/wp-json\/wp\/v2\/types\/page"}],"author":[{"embeddable":true,"href":"https:\/\/arisannointi.fi\/isannointi\/wp-json\/wp\/v2\/users\/1"}],"replies":[{"embeddable":true,"href":"https:\/\/arisannointi.fi\/isannointi\/wp-json\/wp\/v2\/comments?post=9"}],"version-history":[{"count":83,"href":"https:\/\/arisannointi.fi\/isannointi\/wp-json\/wp\/v2\/pages\/9\/revisions"}],"predecessor-version":[{"id":21,"href":"https:\/\/arisannointi.fi\/isannointi\/wp-json\/wp\/v2\/pages\/9\/revisions\/21"}],"wp:attachment":[{"href":"https:\/\/arisannointi.fi\/isannointi\/wp-json\/wp\/v2\/media?parent=9"}],"curies":[{"name":"wp","href":"https:\/\/api.w.org\/{rel}","templated":true}]}}