{"id":170,"date":"2015-08-13T11:31:52","date_gmt":"2015-08-13T08:31:52","guid":{"rendered":"http:\/\/arisannointi.fi\/kiinteistonvalitys\/maksuton-arvio-2\/"},"modified":"2025-12-18T09:39:15","modified_gmt":"2025-12-18T07:39:15","slug":"yhteystiedot","status":"publish","type":"page","link":"https:\/\/arisannointi.fi\/kiinteistonvalitys\/yhteystiedot\/","title":{"rendered":"Yhteystiedot"},"content":{"rendered":"<div class=\"wpb-content-wrapper\"><p>[vc_row css_animation=&#8221;&#8221; row_type=&#8221;row&#8221; use_row_as_full_screen_section=&#8221;no&#8221; type=&#8221;full_width&#8221; angled_section=&#8221;no&#8221; text_align=&#8221;left&#8221; background_image_as_pattern=&#8221;without_pattern&#8221; padding_top=&#8221;40&#8243; padding_bottom=&#8221;20&#8243;][vc_column width=&#8221;1\/2&#8243;][vc_column_text]<\/p>\n<h3>AR Is\u00e4nn\u00f6inti Oy<\/h3>\n<p>Torikatu 11, PL 40,\u00a038700 Kankaanp\u00e4\u00e4<\/p>\n<p>Puh.\u00a0<a href=\"tel: +358 44 503 7793\">044 503 7793<\/a><\/p>\n<p><a href=\"mailto:toimisto@arisannointi.fi\">toimisto@arisannointi.fi<\/a>[\/vc_column_text][vc_separator type=&#8221;small&#8221; position=&#8221;left&#8221; color=&#8221;#ededed&#8221; thickness=&#8221;2&#8243; width=&#8221;60&#8243; up=&#8221;20&#8243; down=&#8221;20&#8243;][vc_column_text]<\/p>\n<h4>Toimistomme on avoinna<br \/>\nma\u2013to klo 9.00\u201316.00<\/h4>\n<h4>Perjantaisin palvelemme<br \/>\net\u00e4n\u00e4 klo 9.00-14.30<\/h4>\n<p>[\/vc_column_text][vc_empty_space][\/vc_column][vc_column width=&#8221;1\/2&#8243; el_class=&#8221;boxed-orange2&#8243;][vc_column_text]<\/p>\n<h4>V\u00e4lityspalkkio<\/h4>\n<p class=\"p1\"><span class=\"s1\">Kiinteist\u00f6nv\u00e4lityksen v<\/span><span class=\"s1\">\u00e4lityspalkkio 2,5%+alv=3,1% kohteen velattomasta hinnasta.<\/span><\/p>\n<p class=\"p1\"><span class=\"s1\">Minimipalkkio on 2000\u20ac (sis.alv)<\/span><\/p>\n<p>[\/vc_column_text][vc_accordion active_tab=&#8221;false&#8221; collapsible=&#8221;yes&#8221; style=&#8221;toggle&#8221; accordion_border_radius=&#8221;0&#8243;][vc_accordion_tab title=&#8221;Palkkio sis\u00e4lt\u00e4\u00e4:&#8221;][vc_column_text]<\/p>\n<ul>\n<li class=\"p1\"><span class=\"s1\">Asunnon hinta-arviointi<\/span><\/li>\n<li class=\"p1\">Tarvittavien asiapapereiden hankkiminen<\/li>\n<li class=\"p1\">Kohteen valokuvaus<\/li>\n<li class=\"p1\">Myyntiesitteen teko<\/li>\n<li class=\"p1\">Lehtimainonta esittelyn yhteydess\u00e4 sopimuksen mukaan<\/li>\n<li class=\"p1\">Markkinointi sivustoilla: AR <a href=\"http:\/\/isannointi.fi\/\"><span class=\"s2\">Isannointi.fi<\/span><\/a> ja <span class=\"s2\"><a href=\"http:\/\/etuovi.fi\/\">Etuovi.fi<\/a><\/span><\/li>\n<li class=\"p1\">Tarjousasiakirjojen laadinta ja tarjousneuvottelut<\/li>\n<li class=\"p1\">Kauppakirjojen laatiminen ja kaupantekoon liittyv\u00e4t j\u00e4rjestelyt<\/li>\n<li class=\"p1\">Neuvonta asunnon myynti\u00e4 ja uuden asunnon ostoa koskevissa asioissa<\/li>\n<\/ul>\n<p>[\/vc_column_text][\/vc_accordion_tab][\/vc_accordion][\/vc_column][\/vc_row][vc_row css_animation=&#8221;&#8221; row_type=&#8221;row&#8221; use_row_as_full_screen_section=&#8221;no&#8221; type=&#8221;full_width&#8221; angled_section=&#8221;no&#8221; text_align=&#8221;left&#8221; background_image_as_pattern=&#8221;without_pattern&#8221;][vc_column][vc_separator type=&#8221;normal&#8221; up=&#8221;20&#8243; down=&#8221;20&#8243;][\/vc_column][\/vc_row][vc_row css_animation=&#8221;&#8221; row_type=&#8221;row&#8221; use_row_as_full_screen_section=&#8221;no&#8221; type=&#8221;full_width&#8221; angled_section=&#8221;no&#8221; text_align=&#8221;left&#8221; background_image_as_pattern=&#8221;without_pattern&#8221; padding_top=&#8221;40&#8243; padding_bottom=&#8221;20&#8243;][vc_column width=&#8221;1\/4&#8243;][vc_single_image image=&#8221;937&#8243; img_size=&#8221;full&#8221; qode_css_animation=&#8221;&#8221;][vc_column_text el_class=&#8221;contact-info&#8221;]<\/p>\n<h3 class=\"q_team_name\">Aki Rajahalme<\/h3>\n<h5>yritt\u00e4j\u00e4, is\u00e4nn\u00f6itsij\u00e4, IAT, LKV, kaupanvahvistaja<\/h5>\n<p><a href=\"tel:0445037793\">044 &#8211; 503 7793<\/a><\/p>\n<p><a href=\"mailto:aki@arisannointi.fi\">aki@arisannointi.fi<\/a>[\/vc_column_text][\/vc_column][vc_column width=&#8221;1\/4&#8243;][vc_single_image image=&#8221;37660&#8243; img_size=&#8221;full&#8221; css=&#8221;&#8221; qode_css_animation=&#8221;&#8221;][vc_column_text css=&#8221;&#8221; el_class=&#8221;contact-info&#8221;]<\/p>\n<h3>Roosa Kangasniemi<\/h3>\n<h5>taloushallinto, kirjanpito<\/h5>\n<p><a href=\"tel:+358442481077\"> 044 248 1077 <\/a><\/p>\n<p><a href=\"mailto:roosa.kangasniemi@arisannointi.fi\">roosa.kangasniemi@arisannointi.fi<\/a>[\/vc_column_text][\/vc_column][vc_column width=&#8221;1\/4&#8243;][vc_single_image image=&#8221;37660&#8243; img_size=&#8221;full&#8221; css=&#8221;&#8221; qode_css_animation=&#8221;&#8221;][vc_column_text el_class=&#8221;contact-info&#8221;]<\/p>\n<h3>Heidi V\u00e4lim\u00e4ki<\/h3>\n<h5>kirjanpit\u00e4j\u00e4, LVV, tradenomi<\/h5>\n<p><a href=\"tel:0447261445\">044 &#8211; 726 1445<\/a><\/p>\n<p><a href=\"mailto:heidi.valimaki@arisannointi.fi\">heidi.valimaki@arisannointi.fi<\/a>[\/vc_column_text][\/vc_column][vc_column width=&#8221;1\/4&#8243;][vc_single_image image=&#8221;37660&#8243; img_size=&#8221;full&#8221; css=&#8221;&#8221; qode_css_animation=&#8221;&#8221;][vc_column_text css=&#8221;&#8221; el_class=&#8221;contact-info&#8221;]<\/p>\n<h3>Salla Ahonen<\/h3>\n<h5>is\u00e4nn\u00f6itsij\u00e4, vuokrauspalvelut<\/h5>\n<p><a href=\"tel:041 328 6857\">041 328 6857<\/a><\/p>\n<p><a href=\"mailto:salla.ahonen@arisannointi.fi\">salla.ahonen@arisannointi.fi<\/a>[\/vc_column_text][\/vc_column][\/vc_row][vc_row css_animation=&#8221;&#8221; row_type=&#8221;row&#8221; use_row_as_full_screen_section=&#8221;no&#8221; type=&#8221;full_width&#8221; angled_section=&#8221;no&#8221; text_align=&#8221;left&#8221; background_image_as_pattern=&#8221;without_pattern&#8221;][vc_column][vc_separator type=&#8221;normal&#8221; up=&#8221;0&#8243; down=&#8221;40&#8243;][\/vc_column][\/vc_row][vc_row css_animation=&#8221;&#8221; row_type=&#8221;row&#8221; use_row_as_full_screen_section=&#8221;no&#8221; type=&#8221;full_width&#8221; angled_section=&#8221;no&#8221; text_align=&#8221;left&#8221; background_image_as_pattern=&#8221;without_pattern&#8221; el_class=&#8221;alt boxed-orange&#8221;][vc_column][vc_column_text]<\/p>\n<h2>Ota yhteytt\u00e4<\/h2>\n<p>[\/vc_column_text][vc_empty_space]\n<div class=\"wpcf7 no-js\" id=\"wpcf7-f26-o1\" lang=\"fi\" dir=\"ltr\" data-wpcf7-id=\"26\">\n<div class=\"screen-reader-response\"><p role=\"status\" aria-live=\"polite\" aria-atomic=\"true\"><\/p> <ul><\/ul><\/div>\n<form action=\"\/kiinteistonvalitys\/wp-json\/wp\/v2\/pages\/170#wpcf7-f26-o1\" method=\"post\" class=\"wpcf7-form init cf7_custom_style_1\" aria-label=\"Yhteydenottolomake\" novalidate=\"novalidate\" data-status=\"init\">\n<fieldset class=\"hidden-fields-container\"><input type=\"hidden\" name=\"_wpcf7\" value=\"26\" \/><input type=\"hidden\" name=\"_wpcf7_version\" value=\"6.1.5\" \/><input type=\"hidden\" name=\"_wpcf7_locale\" value=\"fi\" \/><input type=\"hidden\" name=\"_wpcf7_unit_tag\" value=\"wpcf7-f26-o1\" \/><input type=\"hidden\" name=\"_wpcf7_container_post\" value=\"0\" \/><input type=\"hidden\" name=\"_wpcf7_posted_data_hash\" value=\"\" \/>\n<\/fieldset>\n<p>Nimi (pakollinen)\n<\/p>\n<p><span class=\"wpcf7-form-control-wrap\" data-name=\"your-name\"><input size=\"40\" maxlength=\"400\" class=\"wpcf7-form-control wpcf7-text wpcf7-validates-as-required\" aria-required=\"true\" aria-invalid=\"false\" value=\"\" type=\"text\" name=\"your-name\" \/><\/span>\n<\/p>\n<p>S\u00e4hk\u00f6posti (pakollinen)\n<\/p>\n<p><span class=\"wpcf7-form-control-wrap\" data-name=\"your-email\"><input size=\"40\" maxlength=\"400\" class=\"wpcf7-form-control wpcf7-email wpcf7-validates-as-required wpcf7-text wpcf7-validates-as-email\" aria-required=\"true\" aria-invalid=\"false\" value=\"\" type=\"email\" name=\"your-email\" \/><\/span>\n<\/p>\n<p>Aihe\n<\/p>\n<p><span class=\"wpcf7-form-control-wrap\" data-name=\"your-subject\"><input size=\"40\" maxlength=\"400\" class=\"wpcf7-form-control wpcf7-text\" aria-invalid=\"false\" value=\"\" type=\"text\" name=\"your-subject\" \/><\/span>\n<\/p>\n<p>Viesti\n<\/p>\n<p><span class=\"wpcf7-form-control-wrap\" data-name=\"your-message\"><textarea cols=\"40\" rows=\"10\" maxlength=\"2000\" class=\"wpcf7-form-control wpcf7-textarea\" aria-invalid=\"false\" name=\"your-message\"><\/textarea><\/span>\n<\/p>\n<p><input class=\"wpcf7-form-control wpcf7-submit has-spinner\" type=\"submit\" value=\"L\u00e4het\u00e4\" \/>\n<\/p><div class=\"wpcf7-response-output\" aria-hidden=\"true\"><\/div>\n<\/form>\n<\/div>\n[\/vc_column][\/vc_row][vc_row css_animation=&#8221;&#8221; row_type=&#8221;row&#8221; use_row_as_full_screen_section=&#8221;no&#8221; type=&#8221;full_width&#8221; angled_section=&#8221;no&#8221; text_align=&#8221;left&#8221; background_image_as_pattern=&#8221;without_pattern&#8221;][vc_column][vc_empty_space height=&#8221;40px&#8221;][\/vc_column][\/vc_row]<\/p>\n<\/div>","protected":false},"excerpt":{"rendered":"<p>[vc_row css_animation=&#8221;&#8221; row_type=&#8221;row&#8221; use_row_as_full_screen_section=&#8221;no&#8221; type=&#8221;full_width&#8221; angled_section=&#8221;no&#8221; text_align=&#8221;left&#8221; background_image_as_pattern=&#8221;without_pattern&#8221; padding_top=&#8221;40&#8243; padding_bottom=&#8221;20&#8243;][vc_column width=&#8221;1\/2&#8243;][vc_column_text] AR Is\u00e4nn\u00f6inti Oy Torikatu 11, PL 40,\u00a038700 Kankaanp\u00e4\u00e4 Puh.\u00a0044 503 7793 toimisto@arisannointi.fi[\/vc_column_text][vc_separator type=&#8221;small&#8221; position=&#8221;left&#8221; color=&#8221;#ededed&#8221; thickness=&#8221;2&#8243; width=&#8221;60&#8243; up=&#8221;20&#8243; down=&#8221;20&#8243;][vc_column_text] Toimistomme on avoinna ma\u2013to klo 9.00\u201316.00 Perjantaisin palvelemme et\u00e4n\u00e4 klo 9.00-14.30 [\/vc_column_text][vc_empty_space][\/vc_column][vc_column width=&#8221;1\/2&#8243; el_class=&#8221;boxed-orange2&#8243;][vc_column_text] V\u00e4lityspalkkio&#8230;<\/p>\n","protected":false},"author":1,"featured_media":0,"parent":0,"menu_order":0,"comment_status":"open","ping_status":"closed","template":"contact-page.php","meta":{"footnotes":""},"class_list":["post-170","page","type-page","status-publish","hentry"],"_links":{"self":[{"href":"https:\/\/arisannointi.fi\/kiinteistonvalitys\/wp-json\/wp\/v2\/pages\/170","targetHints":{"allow":["GET"]}}],"collection":[{"href":"https:\/\/arisannointi.fi\/kiinteistonvalitys\/wp-json\/wp\/v2\/pages"}],"about":[{"href":"https:\/\/arisannointi.fi\/kiinteistonvalitys\/wp-json\/wp\/v2\/types\/page"}],"author":[{"embeddable":true,"href":"https:\/\/arisannointi.fi\/kiinteistonvalitys\/wp-json\/wp\/v2\/users\/1"}],"replies":[{"embeddable":true,"href":"https:\/\/arisannointi.fi\/kiinteistonvalitys\/wp-json\/wp\/v2\/comments?post=170"}],"version-history":[{"count":32,"href":"https:\/\/arisannointi.fi\/kiinteistonvalitys\/wp-json\/wp\/v2\/pages\/170\/revisions"}],"predecessor-version":[{"id":37960,"href":"https:\/\/arisannointi.fi\/kiinteistonvalitys\/wp-json\/wp\/v2\/pages\/170\/revisions\/37960"}],"wp:attachment":[{"href":"https:\/\/arisannointi.fi\/kiinteistonvalitys\/wp-json\/wp\/v2\/media?parent=170"}],"curies":[{"name":"wp","href":"https:\/\/api.w.org\/{rel}","templated":true}]}}