{"id":9,"date":"2015-08-06T11:42:03","date_gmt":"2015-08-06T08:42:03","guid":{"rendered":"http:\/\/arisannointi.fi\/kiinteistonvalitys\/?page_id=9"},"modified":"2021-03-04T16:00:34","modified_gmt":"2021-03-04T14:00:34","slug":"isannointi","status":"publish","type":"page","link":"https:\/\/arisannointi.fi\/kiinteistonvalitys\/","title":{"rendered":"Kiinteist\u00f6nv\u00e4litys"},"content":{"rendered":"<div class=\"wpb-content-wrapper\"><p>[vc_row css_animation=&#8221;&#8221; row_type=&#8221;row&#8221; use_row_as_full_screen_section=&#8221;no&#8221; type=&#8221;full_width&#8221; angled_section=&#8221;no&#8221; text_align=&#8221;left&#8221; background_image_as_pattern=&#8221;without_pattern&#8221; background_image=&#8221;228&#8243; background_color=&#8221;#333333&#8243; side_padding=&#8221;5&#8243; padding_top=&#8221;80&#8243; padding_bottom=&#8221;80&#8243; el_class=&#8221;alt&#8221;][vc_column][vc_column_text]<\/p>\n<h1>Luotettavaa ja paikallista osaamista.<\/h1>\n<h3>Kokemuksesta tied\u00e4mme kuinka asiat hoituvat.<\/h3>\n<p>[\/vc_column_text][\/vc_column][\/vc_row][vc_row css_animation=&#8221;&#8221; row_type=&#8221;row&#8221; use_row_as_full_screen_section=&#8221;no&#8221; type=&#8221;grid&#8221; angled_section=&#8221;no&#8221; text_align=&#8221;left&#8221; background_image_as_pattern=&#8221;without_pattern&#8221; background_color=&#8221;#ffffff&#8221; el_class=&#8221;tervehdys&#8221; z_index=&#8221;&#8221;][vc_column width=&#8221;3\/5&#8243;][vc_empty_space height=&#8221;60px&#8221;][vc_column_text]<\/p>\n<h2>Meilt\u00e4 l\u00f6yd\u00e4t nyt my\u00f6s kiinteist\u00f6nv\u00e4lityspalvelun.<\/h2>\n<p>Harkitsetko asuntosi myymist\u00e4 tai ostamista, ota yhteytt\u00e4 ja anna meid\u00e4n auttaa el\u00e4m\u00e4si t\u00e4rkeimm\u00e4ss\u00e4 kaupassa[\/vc_column_text][vc_empty_space height=&#8221;30px&#8221;]<a  itemprop=\"url\" href=\"http:\/\/arisannointi.fi\/kiinteistonvalitys\/kohteet\/suomi\/\" target=\"_self\" data-hover-background-color=\"#f57021\" data-hover-border-color=\"#f57021\" data-hover-color=\"#ffffff\" class=\"qbutton  default\" style=\"color: #f57021; border-color: #f57021; margin: 0 30px 30px 0; border-radius: 0px;-moz-border-radius: 0px;-webkit-border-radius: 0px; background-color:#ffffff;\">Katso kohteemme<\/a><a  itemprop=\"url\" href=\"http:\/\/maksuton-arvio\" target=\"_self\" data-hover-background-color=\"#f57021\" data-hover-border-color=\"#f57021\" data-hover-color=\"#ffffff\" class=\"qbutton  default\" style=\"color: #f57021; border-color: #f57021; margin: 0 30px 30px 0; border-radius: 0px;-moz-border-radius: 0px;-webkit-border-radius: 0px; background-color:#ffffff;\">Pyyd\u00e4 arviok\u00e4ynnille<\/a><a  itemprop=\"url\" href=\"http:\/\/arisannointi.fi\/kiinteistonvalitys\/isannointi\/tutustu-tarjouskauppaan\/\" target=\"_self\" data-hover-background-color=\"#f57021\" data-hover-border-color=\"#f57021\" data-hover-color=\"#ffffff\" class=\"qbutton  default\" style=\"color: #f57021; border-color: #f57021; margin: 0 30px 30px 0; border-radius: 0px;-moz-border-radius: 0px;-webkit-border-radius: 0px; background-color:#ffffff;\">Tutustu tarjouskauppaan<\/a><a  itemprop=\"url\" href=\"https:\/\/arisannointi.fi\/kiinteistonvalitys\/kaupanvahvistus\/\" target=\"_self\" data-hover-background-color=\"#f57021\" data-hover-border-color=\"#f57021\" data-hover-color=\"#ffffff\" class=\"qbutton  default\" style=\"color: #f57021; border-color: #f57021; margin: 0 0 30px 0; border-radius: 0px;-moz-border-radius: 0px;-webkit-border-radius: 0px; background-color:#ffffff;\">Julkinen kaupanvahvistus<\/a>[\/vc_column][vc_column width=&#8221;2\/5&#8243;][vc_empty_space height=&#8221;20px&#8221;][vc_single_image image=&#8221;17004&#8243; img_size=&#8221;full&#8221; qode_css_animation=&#8221;&#8221;][\/vc_column][\/vc_row][vc_row css_animation=&#8221;&#8221; row_type=&#8221;row&#8221; use_row_as_full_screen_section=&#8221;no&#8221; type=&#8221;full_width&#8221; angled_section=&#8221;no&#8221; text_align=&#8221;center&#8221; background_image_as_pattern=&#8221;without_pattern&#8221; side_padding=&#8221;5&#8243; padding_top=&#8221;40&#8243; padding_bottom=&#8221;40&#8243;][vc_column][vc_column_text]<\/p>\n<h2>Uusimmat kohteemme<\/h2>\n<p>[\/vc_column_text]\t\n\t<div class=\"etusivun-kohteet\">\n\t\n\t<div class=\"listattu-kohde wpb_column vc_column_container vc_col-sm-4\">\t\t\t\n\t<div class=\"wpb_wrapper\">\n\t\t\t\t<a href=\"https:\/\/arisannointi.fi\/kiinteistonvalitys\/property\/mannistonkatu-5\/\" target=\"_self\" style=\"background-image: url('https:\/\/arisannointi.fi\/kiinteistonvalitys\/wp-content\/uploads\/sites\/4\/2026\/03\/1774982202027-84545-1-840x450.jpg');\" class=\"kohde-teaser-img\"><\/a>\n\t\t\t\t<div class=\"wpb_text_column wpb_content_element info\">\t\t\t\t\t\n\t\t\t<div class=\"wpb_wrapper\">\t\t\t\t\t\t\n\t\t\t\t<h4><a href=\"https:\/\/arisannointi.fi\/kiinteistonvalitys\/property\/mannistonkatu-5\/\">Kankaanp\u00e4\u00e4, rivitalo<\/a><\/h4>\n\t\t\t\t<h6>3h+k+kph<br>73&#44;0 m\u00b2<span class=\"sepa\"> | <\/span>61 000 \u20ac<\/h6>\t\t\t\t\t\t\n\t\t\t\t\t\t\t\t<h6>Esittely: 18.4.2026 klo 12:00 &ndash; 12:20<\/h6>\n\t\t\t\t\t\t\t\t\t\t\t<\/div> \t\t\t\t\n\t\t<\/div> \n\t<\/div> \t\n<\/div><div class=\"listattu-kohde wpb_column vc_column_container vc_col-sm-4\">\t\t\t\n\t<div class=\"wpb_wrapper\">\n\t\t\t\t<a href=\"https:\/\/arisannointi.fi\/kiinteistonvalitys\/property\/hepomettantie-5\/\" target=\"_self\" style=\"background-image: url('https:\/\/arisannointi.fi\/kiinteistonvalitys\/wp-content\/uploads\/sites\/4\/2026\/03\/1764859529188-11548-1-840x450.jpg');\" class=\"kohde-teaser-img\"><\/a>\n\t\t\t\t<div class=\"wpb_text_column wpb_content_element info\">\t\t\t\t\t\n\t\t\t<div class=\"wpb_wrapper\">\t\t\t\t\t\t\n\t\t\t\t<h4><a href=\"https:\/\/arisannointi.fi\/kiinteistonvalitys\/property\/hepomettantie-5\/\">J\u00e4mij\u00e4rvi, omakotitalo<\/a><\/h4>\n\t\t\t\t<h6>3MH+OH+K+S+KPH+VAATEHUONE<br>102&#44;0 m\u00b2<span class=\"sepa\"> | <\/span>75 000 \u20ac<\/h6>\t\t\t\t\t\t\n\t\t\t\t\t\t\t\t<h6>Esittely: 18.4.2026 klo 13:00 &ndash; 13:30<\/h6>\n\t\t\t\t\t\t\t\t\t\t\t<\/div> \t\t\t\t\n\t\t<\/div> \n\t<\/div> \t\n<\/div><div class=\"listattu-kohde wpb_column vc_column_container vc_col-sm-4\">\t\t\t\n\t<div class=\"wpb_wrapper\">\n\t\t\t\t<a href=\"https:\/\/arisannointi.fi\/kiinteistonvalitys\/property\/hihkionkatu-7a\/\" target=\"_self\" style=\"background-image: url('https:\/\/arisannointi.fi\/kiinteistonvalitys\/wp-content\/uploads\/sites\/4\/2026\/04\/1775899247075-99241-840x450.jpg');\" class=\"kohde-teaser-img\"><\/a>\n\t\t\t\t<div class=\"wpb_text_column wpb_content_element info\">\t\t\t\t\t\n\t\t\t<div class=\"wpb_wrapper\">\t\t\t\t\t\t\n\t\t\t\t<h4><a href=\"https:\/\/arisannointi.fi\/kiinteistonvalitys\/property\/hihkionkatu-7a\/\">Kankaanp\u00e4\u00e4, paritalo<\/a><\/h4>\n\t\t\t\t<h6>2mh+oh+k+vaateh+kph+s<br>82&#44;5 m\u00b2<span class=\"sepa\"> | <\/span>79 000 \u20ac<\/h6>\t\t\t\t\t\t\n\t\t\t\t\t\t\t\t\t\t\t<\/div> \t\t\t\t\n\t\t<\/div> \n\t<\/div> \t\n<\/div>\t\n\t<\/div>\n\t\n\t[\/vc_column][\/vc_row]<\/p>\n<\/div>","protected":false},"excerpt":{"rendered":"<p>[vc_row css_animation=&#8221;&#8221; row_type=&#8221;row&#8221; use_row_as_full_screen_section=&#8221;no&#8221; type=&#8221;full_width&#8221; angled_section=&#8221;no&#8221; text_align=&#8221;left&#8221; background_image_as_pattern=&#8221;without_pattern&#8221; background_image=&#8221;228&#8243; background_color=&#8221;#333333&#8243; side_padding=&#8221;5&#8243; padding_top=&#8221;80&#8243; padding_bottom=&#8221;80&#8243; el_class=&#8221;alt&#8221;][vc_column][vc_column_text] Luotettavaa ja paikallista osaamista. Kokemuksesta tied\u00e4mme kuinka asiat hoituvat. [\/vc_column_text][\/vc_column][\/vc_row][vc_row css_animation=&#8221;&#8221; row_type=&#8221;row&#8221; use_row_as_full_screen_section=&#8221;no&#8221; type=&#8221;grid&#8221; angled_section=&#8221;no&#8221; text_align=&#8221;left&#8221; background_image_as_pattern=&#8221;without_pattern&#8221; background_color=&#8221;#ffffff&#8221; el_class=&#8221;tervehdys&#8221; z_index=&#8221;&#8221;][vc_column width=&#8221;3\/5&#8243;][vc_empty_space height=&#8221;60px&#8221;][vc_column_text] Meilt\u00e4 l\u00f6yd\u00e4t nyt my\u00f6s kiinteist\u00f6nv\u00e4lityspalvelun. Harkitsetko asuntosi myymist\u00e4 tai&#8230;<\/p>\n","protected":false},"author":1,"featured_media":0,"parent":0,"menu_order":0,"comment_status":"open","ping_status":"closed","template":"full_width.php","meta":{"footnotes":""},"class_list":["post-9","page","type-page","status-publish","hentry"],"_links":{"self":[{"href":"https:\/\/arisannointi.fi\/kiinteistonvalitys\/wp-json\/wp\/v2\/pages\/9","targetHints":{"allow":["GET"]}}],"collection":[{"href":"https:\/\/arisannointi.fi\/kiinteistonvalitys\/wp-json\/wp\/v2\/pages"}],"about":[{"href":"https:\/\/arisannointi.fi\/kiinteistonvalitys\/wp-json\/wp\/v2\/types\/page"}],"author":[{"embeddable":true,"href":"https:\/\/arisannointi.fi\/kiinteistonvalitys\/wp-json\/wp\/v2\/users\/1"}],"replies":[{"embeddable":true,"href":"https:\/\/arisannointi.fi\/kiinteistonvalitys\/wp-json\/wp\/v2\/comments?post=9"}],"version-history":[{"count":105,"href":"https:\/\/arisannointi.fi\/kiinteistonvalitys\/wp-json\/wp\/v2\/pages\/9\/revisions"}],"predecessor-version":[{"id":34591,"href":"https:\/\/arisannointi.fi\/kiinteistonvalitys\/wp-json\/wp\/v2\/pages\/9\/revisions\/34591"}],"wp:attachment":[{"href":"https:\/\/arisannointi.fi\/kiinteistonvalitys\/wp-json\/wp\/v2\/media?parent=9"}],"curies":[{"name":"wp","href":"https:\/\/api.w.org\/{rel}","templated":true}]}}